{"id":39,"date":"2023-05-10T12:56:11","date_gmt":"2023-05-10T10:56:11","guid":{"rendered":"https:\/\/user11.gesem.es\/blog\/?page_id=39"},"modified":"2023-05-30T12:51:14","modified_gmt":"2023-05-30T10:51:14","slug":"blog","status":"publish","type":"page","link":"https:\/\/user11.gesem.es\/blog\/blog\/","title":{"rendered":"Blog"},"content":{"rendered":"<ul class=\"wp-block-latest-posts__list wp-block-latest-posts is-layout-flow wp-block-latest-posts-is-layout-flow\"><li><a class=\"wp-block-latest-posts__post-title\" href=\"https:\/\/user11.gesem.es\/blog\/2023\/05\/30\/els-efectes-positius-de-la-meditacio\/\">Els efectes positius de la meditaci\u00f3<\/a><\/li>\n<li><a class=\"wp-block-latest-posts__post-title\" href=\"https:\/\/user11.gesem.es\/blog\/2023\/05\/27\/charla-sobre-salud-mental-y-microbiota\/\">Charla sobre salud mental y microbiota<\/a><\/li>\n<li><a class=\"wp-block-latest-posts__post-title\" href=\"https:\/\/user11.gesem.es\/blog\/2023\/03\/30\/hello-world\/\">Hipotiroidismo y enfermedades autoinmunes<\/a><\/li>\n<\/ul>\n\n\n<div class=\"wp-block-media-text alignwide is-stacked-on-mobile\"><figure class=\"wp-block-media-text__media\"><img loading=\"lazy\" decoding=\"async\" width=\"1024\" height=\"307\" src=\"https:\/\/user11.gesem.es\/blog\/wp-content\/uploads\/2023\/05\/Hipotiroidismo-y-nutricion-Consciente-1024x307.png\" alt=\"\" class=\"wp-image-155 size-full\" srcset=\"https:\/\/user11.gesem.es\/blog\/wp-content\/uploads\/2023\/05\/Hipotiroidismo-y-nutricion-Consciente-1024x307.png 1024w, https:\/\/user11.gesem.es\/blog\/wp-content\/uploads\/2023\/05\/Hipotiroidismo-y-nutricion-Consciente-300x90.png 300w, https:\/\/user11.gesem.es\/blog\/wp-content\/uploads\/2023\/05\/Hipotiroidismo-y-nutricion-Consciente-768x230.png 768w, https:\/\/user11.gesem.es\/blog\/wp-content\/uploads\/2023\/05\/Hipotiroidismo-y-nutricion-Consciente-1536x461.png 1536w, https:\/\/user11.gesem.es\/blog\/wp-content\/uploads\/2023\/05\/Hipotiroidismo-y-nutricion-Consciente.png 2000w\" sizes=\"auto, (max-width: 1024px) 100vw, 1024px\" \/><\/figure><div class=\"wp-block-media-text__content\">\n<p class=\"wp-block-paragraph\">En este apartado encontrar\u00e1s toda la actualidad sobre Hipotiroidismo y nutrici\u00f3n consciente<\/p>\n<\/div><\/div>\n\n\n\n<div class=\"wp-block-media-text alignwide is-stacked-on-mobile\"><figure class=\"wp-block-media-text__media\"><img loading=\"lazy\" decoding=\"async\" width=\"1024\" height=\"1024\" src=\"https:\/\/user11.gesem.es\/blog\/wp-content\/uploads\/2023\/05\/SESIONES-PERSONALIZADAS-WEB-1024x1024.png\" alt=\"\" class=\"wp-image-166 size-full\" srcset=\"https:\/\/user11.gesem.es\/blog\/wp-content\/uploads\/2023\/05\/SESIONES-PERSONALIZADAS-WEB-1024x1024.png 1024w, https:\/\/user11.gesem.es\/blog\/wp-content\/uploads\/2023\/05\/SESIONES-PERSONALIZADAS-WEB-300x300.png 300w, https:\/\/user11.gesem.es\/blog\/wp-content\/uploads\/2023\/05\/SESIONES-PERSONALIZADAS-WEB-150x150.png 150w, https:\/\/user11.gesem.es\/blog\/wp-content\/uploads\/2023\/05\/SESIONES-PERSONALIZADAS-WEB-768x768.png 768w, https:\/\/user11.gesem.es\/blog\/wp-content\/uploads\/2023\/05\/SESIONES-PERSONALIZADAS-WEB-60x60.png 60w, https:\/\/user11.gesem.es\/blog\/wp-content\/uploads\/2023\/05\/SESIONES-PERSONALIZADAS-WEB.png 1080w\" sizes=\"auto, (max-width: 1024px) 100vw, 1024px\" \/><\/figure><div class=\"wp-block-media-text__content\">\n<p class=\"wp-block-paragraph\">Te acompa\u00f1o a sanar tu cuerpo f\u00edsico, mental, emocional y energ\u00e9tico.<\/p>\n<\/div><\/div>\n\n\n\n<div class=\"wp-block-media-text alignwide is-stacked-on-mobile\"><figure class=\"wp-block-media-text__media\"><img loading=\"lazy\" decoding=\"async\" width=\"940\" height=\"788\" src=\"https:\/\/user11.gesem.es\/blog\/wp-content\/uploads\/2023\/05\/Hipo-y-astro.png\" alt=\"\" class=\"wp-image-167 size-full\" srcset=\"https:\/\/user11.gesem.es\/blog\/wp-content\/uploads\/2023\/05\/Hipo-y-astro.png 940w, https:\/\/user11.gesem.es\/blog\/wp-content\/uploads\/2023\/05\/Hipo-y-astro-300x251.png 300w, https:\/\/user11.gesem.es\/blog\/wp-content\/uploads\/2023\/05\/Hipo-y-astro-768x644.png 768w, https:\/\/user11.gesem.es\/blog\/wp-content\/uploads\/2023\/05\/Hipo-y-astro-72x60.png 72w\" sizes=\"auto, (max-width: 940px) 100vw, 940px\" \/><\/figure><div class=\"wp-block-media-text__content\">\n<p class=\"wp-block-paragraph\">He integrado la Astrolog\u00eda M\u00e9dica c\u00f3mo herramienta en mis consultas, para que el proceso de sanci\u00f3n sea desde el origen , pudiendo ver en tu carta natal desequilibrios planetarios causantes de la enfermedad.<\/p>\n<\/div><\/div>\n","protected":false},"excerpt":{"rendered":"<p>En este apartado encontrar\u00e1s toda la actualidad sobre Hipotiroidismo y nutrici\u00f3n consciente Te acompa\u00f1o a sanar tu cuerpo f\u00edsico, mental, emocional y energ\u00e9tico. He integrado &hellip; <\/p>\n","protected":false},"author":1,"featured_media":0,"parent":0,"menu_order":0,"comment_status":"closed","ping_status":"closed","template":"","meta":{"footnotes":""},"class_list":["post-39","page","type-page","status-publish","hentry"],"_links":{"self":[{"href":"https:\/\/user11.gesem.es\/blog\/wp-json\/wp\/v2\/pages\/39","targetHints":{"allow":["GET"]}}],"collection":[{"href":"https:\/\/user11.gesem.es\/blog\/wp-json\/wp\/v2\/pages"}],"about":[{"href":"https:\/\/user11.gesem.es\/blog\/wp-json\/wp\/v2\/types\/page"}],"author":[{"embeddable":true,"href":"https:\/\/user11.gesem.es\/blog\/wp-json\/wp\/v2\/users\/1"}],"replies":[{"embeddable":true,"href":"https:\/\/user11.gesem.es\/blog\/wp-json\/wp\/v2\/comments?post=39"}],"version-history":[{"count":4,"href":"https:\/\/user11.gesem.es\/blog\/wp-json\/wp\/v2\/pages\/39\/revisions"}],"predecessor-version":[{"id":217,"href":"https:\/\/user11.gesem.es\/blog\/wp-json\/wp\/v2\/pages\/39\/revisions\/217"}],"wp:attachment":[{"href":"https:\/\/user11.gesem.es\/blog\/wp-json\/wp\/v2\/media?parent=39"}],"curies":[{"name":"wp","href":"https:\/\/api.w.org\/{rel}","templated":true}]}}

<ul class="wp-block-latest-posts__list wp-block-latest-posts is-layout-flow wp-block-latest-posts-is-layout-flow"><li><a class="wp-block-latest-posts__post-title" href="https://user11.gesem.es/blog/2023/05/30/els-efectes-positius-de-la-meditacio/">Els efectes positius de la meditació</a></li>
<li><a class="wp-block-latest-posts__post-title" href="https://user11.gesem.es/blog/2023/05/27/charla-sobre-salud-mental-y-microbiota/">Charla sobre salud mental y microbiota</a></li>
<li><a class="wp-block-latest-posts__post-title" href="https://user11.gesem.es/blog/2023/03/30/hello-world/">Hipotiroidismo y enfermedades autoinmunes</a></li>
</ul>


<div class="wp-block-media-text alignwide is-stacked-on-mobile"><figure class="wp-block-media-text__media"><img loading="lazy" decoding="async" width="1024" height="307" src="https://user11.gesem.es/blog/wp-content/uploads/2023/05/Hipotiroidismo-y-nutricion-Consciente-1024x307.png" alt="" class="wp-image-155 size-full" srcset="https://user11.gesem.es/blog/wp-content/uploads/2023/05/Hipotiroidismo-y-nutricion-Consciente-1024x307.png 1024w, https://user11.gesem.es/blog/wp-content/uploads/2023/05/Hipotiroidismo-y-nutricion-Consciente-300x90.png 300w, https://user11.gesem.es/blog/wp-content/uploads/2023/05/Hipotiroidismo-y-nutricion-Consciente-768x230.png 768w, https://user11.gesem.es/blog/wp-content/uploads/2023/05/Hipotiroidismo-y-nutricion-Consciente-1536x461.png 1536w, https://user11.gesem.es/blog/wp-content/uploads/2023/05/Hipotiroidismo-y-nutricion-Consciente.png 2000w" sizes="auto, (max-width: 1024px) 100vw, 1024px" /></figure><div class="wp-block-media-text__content">
<p class="wp-block-paragraph">En este apartado encontrarás toda la actualidad sobre Hipotiroidismo y nutrición consciente</p>
</div></div>



<div class="wp-block-media-text alignwide is-stacked-on-mobile"><figure class="wp-block-media-text__media"><img loading="lazy" decoding="async" width="1024" height="1024" src="https://user11.gesem.es/blog/wp-content/uploads/2023/05/SESIONES-PERSONALIZADAS-WEB-1024x1024.png" alt="" class="wp-image-166 size-full" srcset="https://user11.gesem.es/blog/wp-content/uploads/2023/05/SESIONES-PERSONALIZADAS-WEB-1024x1024.png 1024w, https://user11.gesem.es/blog/wp-content/uploads/2023/05/SESIONES-PERSONALIZADAS-WEB-300x300.png 300w, https://user11.gesem.es/blog/wp-content/uploads/2023/05/SESIONES-PERSONALIZADAS-WEB-150x150.png 150w, https://user11.gesem.es/blog/wp-content/uploads/2023/05/SESIONES-PERSONALIZADAS-WEB-768x768.png 768w, https://user11.gesem.es/blog/wp-content/uploads/2023/05/SESIONES-PERSONALIZADAS-WEB-60x60.png 60w, https://user11.gesem.es/blog/wp-content/uploads/2023/05/SESIONES-PERSONALIZADAS-WEB.png 1080w" sizes="auto, (max-width: 1024px) 100vw, 1024px" /></figure><div class="wp-block-media-text__content">
<p class="wp-block-paragraph">Te acompaño a sanar tu cuerpo físico, mental, emocional y energético.</p>
</div></div>



<div class="wp-block-media-text alignwide is-stacked-on-mobile"><figure class="wp-block-media-text__media"><img loading="lazy" decoding="async" width="940" height="788" src="https://user11.gesem.es/blog/wp-content/uploads/2023/05/Hipo-y-astro.png" alt="" class="wp-image-167 size-full" srcset="https://user11.gesem.es/blog/wp-content/uploads/2023/05/Hipo-y-astro.png 940w, https://user11.gesem.es/blog/wp-content/uploads/2023/05/Hipo-y-astro-300x251.png 300w, https://user11.gesem.es/blog/wp-content/uploads/2023/05/Hipo-y-astro-768x644.png 768w, https://user11.gesem.es/blog/wp-content/uploads/2023/05/Hipo-y-astro-72x60.png 72w" sizes="auto, (max-width: 940px) 100vw, 940px" /></figure><div class="wp-block-media-text__content">
<p class="wp-block-paragraph">He integrado la Astrología Médica cómo herramienta en mis consultas, para que el proceso de sanción sea desde el origen , pudiendo ver en tu carta natal desequilibrios planetarios causantes de la enfermedad.</p>
</div></div>

<p>En este apartado encontrarás toda la actualidad sobre Hipotiroidismo y nutrición consciente Te acompaño a sanar tu cuerpo físico, mental, emocional y energético. He integrado &hellip; </p>
